{"id":62,"date":"2016-12-09T13:16:38","date_gmt":"2016-12-09T17:16:38","guid":{"rendered":"http:\/\/www.redilegra.com\/?page_id=62"},"modified":"2020-11-20T11:27:33","modified_gmt":"2020-11-20T15:27:33","slug":"didanmop-2","status":"publish","type":"page","link":"http:\/\/www.redilegra.com\/index.php\/didanmop-2\/","title":{"rendered":"DIDANMOP"},"content":{"rendered":"<p>DIDANMOP es una herramienta para el an\u00e1lisis l\u00e9xico-gramatical y ret\u00f3rico-discursivo del g\u00e9nero, la cual trabaja a partir de una interfaz donde los textos pueden ser analizados. En el marco del proyecto &#8220;Sistema de Apoyo Para la Escritura del Trabajo Final de Grado en Psicolog\u00eda&#8221;, DIDANMOP se plantea como una herramienta did\u00e1ctica que permite a los estudiantes de psicolog\u00eda ingresar sus textos redactados del Trabajo Final de Grado para que sean revisados por un tutor experto, quien realiza las sugerencias de correcci\u00f3n y adem\u00e1s clasifica a partir del an\u00e1lisis ret\u00f3rico-discursivo.<\/p>\n<p>Esta herramienta se ha utilizado tambi\u00e9n en la carrera de Ingenier\u00eda Civil Inform\u00e1tica de la PUCV por dos a\u00f1os seguidos, para m\u00e1s detalles ver <a href=\"http:\/\/www.redilegra.com\/index.php\/frontpage\/didanmop-2sistema-de-apoyo-didactico-para-la-escritura-del-trabajo-de-titulo-en-ingenieria-civil-informatica\/\">aqu\u00ed<\/a><\/p>\n<p>&nbsp;<\/p>\n<p>Puedes ver su funcionamiento en el siguiente video:<\/p>\n<div class=\"llorix-one-lite-video-container\"><iframe loading=\"lazy\" width=\"730\" height=\"411\" src=\"https:\/\/www.youtube.com\/embed\/ITJPvXgA4XU?feature=oembed\" frameborder=\"0\" allow=\"accelerometer; autoplay; encrypted-media; gyroscope; picture-in-picture\" allowfullscreen><\/iframe><\/div>\n<p>DIDANMOP fue presentado recientemente en el &#8220;II Simposio de la C\u00e1tedra UNESCO para la lectura y la escritura&#8221; con una excelente acogida. Puedes acceder a su presentaci\u00f3n en el siguiente <a href=\"https:\/\/www.dropbox.com\/s\/0a70ve4z4y1nbc6\/demo-anmop.pptx?dl=0\">enlace<\/a>.<\/p>\n","protected":false},"excerpt":{"rendered":"<p>DIDANMOP es una herramienta para el an\u00e1lisis l\u00e9xico-gramatical y ret\u00f3rico-discursivo del g\u00e9nero, la cual trabaja a partir de una interfaz donde los textos pueden ser analizados. En el marco del proyecto &#8220;Sistema de Apoyo Para la Escritura del Trabajo Final de Grado en Psicolog\u00eda&#8221;, DIDANMOP se plantea como una herramienta did\u00e1ctica que permite a los<a class=\"moretag\" href=\"http:\/\/www.redilegra.com\/index.php\/didanmop-2\/\"><span class=\"screen-reader-text\">Read more about DIDANMOP<\/span>[&#8230;]<\/a><\/p>\n","protected":false},"author":1,"featured_media":0,"parent":0,"menu_order":0,"comment_status":"closed","ping_status":"closed","template":"template-fullwidth.php","meta":[],"_links":{"self":[{"href":"http:\/\/www.redilegra.com\/index.php\/wp-json\/wp\/v2\/pages\/62"}],"collection":[{"href":"http:\/\/www.redilegra.com\/index.php\/wp-json\/wp\/v2\/pages"}],"about":[{"href":"http:\/\/www.redilegra.com\/index.php\/wp-json\/wp\/v2\/types\/page"}],"author":[{"embeddable":true,"href":"http:\/\/www.redilegra.com\/index.php\/wp-json\/wp\/v2\/users\/1"}],"replies":[{"embeddable":true,"href":"http:\/\/www.redilegra.com\/index.php\/wp-json\/wp\/v2\/comments?post=62"}],"version-history":[{"count":7,"href":"http:\/\/www.redilegra.com\/index.php\/wp-json\/wp\/v2\/pages\/62\/revisions"}],"predecessor-version":[{"id":282,"href":"http:\/\/www.redilegra.com\/index.php\/wp-json\/wp\/v2\/pages\/62\/revisions\/282"}],"wp:attachment":[{"href":"http:\/\/www.redilegra.com\/index.php\/wp-json\/wp\/v2\/media?parent=62"}],"curies":[{"name":"wp","href":"https:\/\/api.w.org\/{rel}","templated":true}]}}